t) = t. Let c(m) = -2*m. Let l(n) = c(n) + 3*o(n). Give l(i).
-4
Suppose 14 = -6*p - p. Let d(c) = 2*c**2 - 2*c - 3. Give d(p).
9
Let s(o) = o**3 - 4*o**2 + 5. Let k(c) = c**3 - 4*c**2 - c + 6. Let a(z) = 2*k(z) - 3*s(z). Calculate a(3).
0
Suppose z = -4*d - 16, -2*d - z = 3*d + 20. Let j(h) = -h**2 - 2*h - 1. Determine j(d).
-9
Let t(y) = y**2 - 6*y + 4. Let z be t(6). Let h(w) = w**2 - 2*w + z*w**2 - w**3 + 3*w + w - 4. Give h(5).
6
Let q(y) = -y**3 - 4*y**2 - 4*y - 2. Let m be q(-3). Let c(n) = 3*n + 1. Give c(m).
4
Suppose -2*d = -l, -2*d + d - l = 0. Let m(c) = 4*c - 2*c - 4*c + d - 3. Give m(-2).
1
Let d(f) = -3*f**3 - f**3 - 4*f**3 + 1 + 6*f**3 - f**2. Let t be d(1). Let j(y) = -y**2 - 4*y. Calculate j(t).
4
Let k(c) be the third derivative of -c**5/10 + 14*c**2. Give k(-1).
-6
Let u be 128/72 + 2/9. Let t(f) = -2*f**2 + 2*f + 2. Let v be t(u). Let k(d) = d**3 + 2*d**2 - 2*d - 3. Give k(v).
1
Let u(v) be the second derivative of -v**5/60 + v**4/12 - 3*v**2/2 - 3*v. Let m(h) be the first derivative of u(h). Determine m(-2).
-8
Suppose 34 = -4*o - 2. Suppose -3*y + 15 = 3*c, -2*y + c = 2*y - 20. Let l = o + y. Let v(k) = k**3 + 4*k**2 + k - 1. Give v(l).
-5
Let x = 10 - 5. Suppose 0 = -3*n + k + 7, x*n + 2*k - 17 = 5*k. Let g(f) = 10*f**3 - 2*f**2 + 1. What is g(n)?
9
Let m(v) be the first derivative of -v**5/15 - v**4/24 + v**3/6 + 5*v**2/2 + 5. Let t(y) be the second derivative of m(y). Determine t(1).
-4
Let s = 6 - 3. Let j(b) = s*b**2 - 2*b**3 + b**3 + 3*b - 4 + 2. Determine j(4).
-6
Suppose 5*z = -3*y + 11, -13 = -3*y - y - 5*z. Let o(r) = -6 + 6 - 3*r. Determine o(y).
-6
Let u(v) = 12*v**2 + 9*v**2 - 9*v**2. What is u(-1)?
12
Let x(k) be the third derivative of k**5/60 + k**4/24 - k**3/6 + k**2. Let r be 4/((-20)/4 - -3). Determine x(r).
1
Let d = -34 + 37. Let w(v) = 2*v + 1. Give w(d).
7
Let f(b) = 3 - 2 + 5*b - 2 - 4. Let d(c) = -6 + 2*c - c + 5*c. Let z(t) = 6*d(t) - 7*f(t). Calculate z(0).
-1
Let z = 9 - 4. Let d = 2 - z. Let x(r) = -r - 4. Let c be x(d). Let a(p) = -7*p**3 - 2*p**2 - p. Determine a(c).
6
Let z(w) = w**3 - w**2 + 3*w + 1. Suppose 0 = 10*s - 35 + 5. Calculate z(s).
28
Let g(t) = 2*t - 2. Let n be ((-81)/12)/9*-8. Determine g(n).
10
Let f(l) = -6*l + 4. Let c(y) = -6*y + 4. Let k(n) = -4*c(n) + 5*f(n). Calculate k(4).
-20
Let b(h) = -h**2 - 4*h - 3. Let z(j) = -3*j + 17. Let k be z(7). Give b(k).
-3
Let u(d) = d**2 + 0*d - 5 - 2*d + 2. What is u(5)?
12
Let d(n) = -5*n**2 + 2*n - 1. Let j be -2 + ((-12)/4 - -6). Determine d(j).
-4
Let g(c) = 2*c - 7. Let t be g(6). Let s(i) = -5 + 15 - 4 + t*i - 4. Determine s(2).
12
Let t(f) be the second derivative of -f**4/12 + f**3/2 + 7*f**2/2 + 6*f. Let d = -7 + 12. Calculate t(d).
-3
Suppose 5*n + 6*u = 3*u - 5, 11 = n + 3*u. Let x(p) = p + 1. Calculate x(n).
-3
Let s(m) be the first derivative of 3*m**2 + m - 1. Let u = 19 - 29. Let y = 9 + u. Calculate s(y).
-5
Let f = -7 + 13. Let o(i) = i**2 - 6*i + 4. Let c be o(f). Let g(n) = -c - n**2 + 3 + 3*n - 2*n. What is g(1)?
-1
Suppose 2*v + 7 = -5*u, 2*u = -u - 2*v - 5. Suppose y + y = 0. Let c(p) = y*p**3 - 1 - 2*p**3 + 0. Give c(u).
1
Let j(w) = w**2 - w + 2. Let v(z) = -3*z**2 + 3*z - 5. Let i(b) = -5*j(b) - 2*v(b). Give i(0).
0
Let q be 4*(-1)/(-8)*-10. Let m(d) = d - 5. Give m(q).
-10
Let r(n) = -5*n - 21 + 3*n + 20. Determine r(-1).
1
Suppose 2*t - 1 = 1. Let i(p) = -3 + 5 + 1 - 2. Let l(y) = -6*y + 1. Let c(s) = t*l(s) - 2*i(s). Give c(1).
-7
Let v(h) = -5*h - 2. Let l = 11 - 10. Let q be v(l). Let x(b) = b**2 + 6*b - 6. Give x(q).
1
Suppose 42 = -6*s + 54. Let m(n) be the first derivative of -1 - 1/2*n**s + n. What is m(-5)?
6
Let f(a) be the first derivative of a**4/4 + a**2/2 - a - 2. Let j(n) = 6*n**3 - n**2 + 5*n + 4. Let s(d) = -5*f(d) + j(d). Give s(0).
9
Let n(l) be the third derivative of l**4/24 + l**3/2 - l**2. Suppose r + 96 - 91 = -4*v, 4*r + 5*v = -20. Give n(r).
-2
Let n(d) = 3*d - 1. Let p(w) = 2*w + 3*w**2 + 0 - 4*w + 1 - w**2 - 2*w**3. Let j be p(1). What is n(j)?
-4
Let h(b) = -8*b**3 + 5*b**2 - 4*b - 1. Let m be h(3). Let p be (-2)/11 + m/(-44). Let u(z) = -2*z + 4. Calculate u(p).
-4
Let a(j) = -2*j**3 + 15*j**2 + 6*j - 19. Let y(r) = -r**3 + 7*r**2 + 3*r - 9. Let l(k) = 6*a(k) - 13*y(k). Calculate l(3).
12
Let v(s) = -s. Let d be v(-6). Let h(g) = g**3 + 11*g - d*g**2 + g**2 - 5*g. What is h(4)?
8
Let v(y) = y**3 + 5*y**2 + 4. Let l(t) = 12*t**2 + t + 1. Let c be l(-1). Let h = -17 + c. Calculate v(h).
4
Let p = -4 + 11. Let b = p - 3. Let d(g) = -5 + g - g**2 + 3*g + 1. What is d(b)?
-4
Suppose -86*v + 30 = -91*v. Let b(l) = -l + 7. Give b(v).
13
Let u(w) = w - 1. Let z = 9 - 5. Suppose 3 - 7 = -z*k. Determine u(k).
0
Let z = 8 - 5. Let x(m) = -m**z - m**2 + m**3 - 5 + 3*m**3 + 4 + 2*m. Determine x(1).
3
Suppose -10*c = -11*c - 2. Let g(x) = 2*x + 2. Give g(c).
-2
Let v = 0 - -5. Let p(r) = r**3 - r**2 + 8*r + 11. Let h(t) = -t**3 + 2*t**2 - 7*t - 10. Let i(g) = 5*h(g) + 4*p(g). Determine i(v).
4
Let j(d) be the second derivative of 0 + 2*d - 1/3*d**4 - 3/2*d**2 + 2/3*d**3. What is j(2)?
-11
Let k(h) = h**3 + 2*h**2 - 7*h - 6. Let i be k(-3). Let g(z) = -2*z**2 + z**2 - 4 + 8*z + 0. Calculate g(i).
8
Let f be ((-2)/(-16))/((-18)/(-12)). Let d(c) be the third derivative of -1/24*c**4 + 2*c**2 - f*c**5 + 1/6*c**3 + 0*c + 0. Calculate d(1).
-5
Suppose 6*o - 12 = -0*o. Let l(t) be the second derivative of 5/6*t**3 - t + 0 - 1/12*t**4 + o*t**2. Give l(4).
8
Let y be ((-2)/1 - -3)*1. Let p(g) = 4*g**2 - g. What is p(y)?
3
Let t(f) = f**2 - f - 4. Let x be t(3). Let p(n) = -4 - n**2 + n**2 + n**x. Determine p(3).
5
Let k(q) = -q - 1. Let o be k(1). Let r(h) = 5*h**3 + 3*h + 3. Let b(v) = -10*v + 10*v - v**2 + v**3. Let a(n) = 4*b(n) - r(n). Determine a(o).
-5
Let p(s) be the third derivative of s**7/2520 + 7*s**6/720 + s**5/60 - 3*s**2. Let h(z) be the third derivative of p(z). Determine h(-5).
-3
Let f be (5 - 7) + 3/1. Let o(b) = f - 4 + 4 + b**2 - 3. Calculate o(3).
7
Let h(q) be the third derivative of q**4/3 + q**3/2 - q**2. Determine h(-2).
-13
Let g(j) = -j**3 + 4*j**2 - j + 3. Let m(r) = 2*r**2 - 3*r - 7. Let f be m(5). Let l be (-2)/7 - (-92)/f. Suppose -l*b + 6 = -b. Calculate g(b).
9
Suppose 4*d - 4 = 0, 2*d = 10*n - 12*n + 4. Let h(c) = 1 + 7*c**3 - 1. Calculate h(n).
7
Let a be 3 - 4/((-8)/6). Suppose -a*g = -g + 20. Let k(d) = 6*d**3 + 8*d - 8. Let q(s) = 7*s**3 - s**2 + 9*s - 9. Let u(y) = 6*k(y) - 5*q(y). Calculate u(g).
1
Let q(i) be the first derivative of -2 - 2*i + 1/2*i**3 + 1/12*i**4 + 3/2*i**2. Let s(c) be the first derivative of q(c). Give s(-4).
7
Let a(k) be the first derivative of k**5/20 + k**4/12 - k**2 + 5*k - 2. Let h(f) be the first derivative of a(f). Give h(0).
-2
Let c(w) = 7*w**3 - 1. Let r(f) = 6*f**3 - f**2 + f - 1. Let t(s) = 5*c(s) - 6*r(s). Determine t(5).
-4
Let f(i) = -i**3 + 8*i**2 - 6*i - 5. Let p be f(7). Let h(g) be the second derivative of 2*g + g**3 - 1/20*g**5 + 0 - 1/3*g**4 - 5/2*g**p. Give h(-5).
-10
Let y(q) = q - 8. Suppose -3*i = -18 + 39. Give y(i).
-15
Let p(z) = z**2 - z + 1. Let t be p(-1). Let n(q) be the second derivative of -1/2*q**2 + 0 + 1/6*q**3 - t*q. Determine n(3).
2
Suppose 2*t = t - 4, s - 12 = 3*t. Let n(i) = i + 17. Give n(s).
17
Let g(j) be the third derivative of -j**5/60 - j**4/8 + j**3/6 - 6*j**2. Give g(-2).
3
Let b(y) = -8*y + 15. Let t(o) = 3*o - 8. Let x(q) = 2*b(q) + 5*t(q). Give x(-6).
-4
Suppose -5*z = -4*g - 20, -2*z - z + g = -12. Suppose -z = -x, 0*f = -2*f + 5*x - 14. Let a(w) = -2*w**2 - 2 + w**2 - w**f + 0. Calculate a(-2).
2
Let r(s) = s**2 - 2*s - 2. Suppose 2*i + i = 0. Let n = 53 + -41. Suppose 3*c - n = -i. Calculate r(c).
6
Let m(t) = 6*t**2 + 25*t - 15. Let c(v) = 2*v**2 + 8*v - 5. Let y(g) = 7*c(g) - 2*m(g). What is y(-5)?
15
Let v(n) be the second derivative of 0*n**2 + 0*n**3 - 1/720*n**6 - 7/120*n**5 + 0 - 2*n + 1/6*n**4. Let t(f) be the third derivative of v(f). Give t(0).
-7
Suppose -2*z - z = 72. Let g = -28 - z. Let j(x) be the first derivative of x**2/2 + 2*x + 1. What is j(g)?
-2
Let g = 19/5 - 223/60. Let p(j) be the second derivative of 3*j + j**3 + 3/2*j**2 + 0 + g*j**4. What is p(-6)?
3
Suppose 0 = 8*a - 14 - 58. Let v(d) = -d**3 + 10*d**2 - 10*d + 7. Give v(a).
-2
Let r(o) = -3*o - 2. Let